 1. Let a be g(-4). Calculate the remainder when 7 is divided by a + (-2 - 2/2).
3
Let x be (-2 - -2)/(1 + -2). Let o = 7 + x. Calculate the remainder when o is divided by 5.
2
Let m(d) = -d**3 - 7*d**2 - 10*d - 7. Let q = -28 + 39. Suppose q = -5*k - 19. What is the remainder when 50 is divided by m(k)?
16
Suppose -5*v + 30 = -0*v. Suppose 5*s + 3*h = s + 12, -2*s = h - 4. Let n(d) = -d**3 + d + 10. What is the remainder when n(s) is divided by v?
4
What is the remainder when 113 is divided by (-1683)/(-44) + (-1)/4?
37
Let y(w) = -w**3 + 6*w**2 - 6*w + 14. Calculate the remainder when 130 is divided by y(4).
20
Calculate the remainder when 34 is divided by 2/3*54/12 + 11.
6
Let l(z) = 2*z**2 + 6*z - 30. What is the remainder when 9 is divided by l(-6)?
3
Suppose -4*r + 174 = 5*m, -4*m + 3*r - 72 = -205. Suppose 0 = -3*l + m + 113. What is the remainder when l/3 - 4/(-6) is divided by 6?
5
Let l = 15 - 10. Suppose 5*p + 14 = s - 11, -p = 4*s + l. Suppose 3*f - 2*f - 5 = s. Calculate the remainder when f is divided by 3.
2
Calculate the remainder when 124 is divided by (2 - 8/3)*(-63)/2.
19
Let m(b) = b + 5. Calculate the remainder when m(5) is divided by 4.
2
Suppose 0 = 2*b - 46 - 14. Calculate the remainder when b is divided by 8.
6
Let t = 10 - 7. Let q(j) = j**3 + 0*j**2 - 6 - 7*j**2 + 16*j - 14*j. What is the remainder when q(7) is divided by t?
2
Suppose 0 = -7*f + 6*f + 15. Suppose 4*x + 6 = 2*t, 3*x = -t - x + f. Calculate the remainder when 19 is divided by t.
5
Let o(p) = 5*p**2 + 2*p + 1. Let b be o(-1). Suppose 55 = b*t - 1. What is the remainder when t is divided by 3?
2
Suppose -52 = -5*z + 3*z. Suppose 20 = 2*g + 2. Calculate the remainder when z is divided by g.
8
Calculate the remainder when 49 + (-4 - (3 - 4)) is divided by 25.
21
Let i be (-524)/(-12) + (-2)/3. Let r = -3 + i. Let j = -12 - -26. What is the remainder when r is divided by j?
12
Let u(g) = -14*g - 7. Let c(h) = -7*h - 4. Let m(x) = -7*c(x) + 4*u(x). Calculate the remainder when 26 is divided by m(-2).
12
Suppose 0 = 2*a - 5 - 1. Let z be (-18)/(-12) - 6/(-4). Suppose w = -z*d + 2, 18 = 3*d + w - 4*w. Calculate the remainder when a is divided by d.
1
Let n(x) = x + 10. Suppose 12 = 5*a + 2. Suppose 0 = 3*w + 3*s - 15, 0*s - a*s = 3*w - 10. What is the remainder when 18 is divided by n(w)?
8
Let k(p) be the second derivative of -p**4/12 - 4*p**3/3 - p**2 + p. Let t = -14 - -22. What is the remainder when k(-4) is divided by t?
6
Suppose 8 = 4*v - 20. Calculate the remainder when 18 is divided by v.
4
Let m(v) = -v. Let x(g) = g**2 - g - 1. Let l = -17 - -15. Calculate the remainder when x(l) is divided by m(-3).
2
Let g = 11 + -6. Suppose -2*k - 2*k + 4*j = -28, -4*k - 2*j = -10. Suppose 4*m - 27 = -f, -f + 85 = k*f - 5*m. Calculate the remainder when f is divided by g.
4
Let a(f) = f**2 + 2*f - 1. Let g(y) = 6 - y - 2*y**2 + 1 + 5*y + y**2. Calculate the remainder when a(-3) is divided by g(5).
0
Let k(y) = y**2 + 6*y + 14. Calculate the remainder when -1*1*-16 + 0 is divided by k(-5).
7
Let m(t) = 8*t**2 - 2*t + 0*t + 1 + 2*t. What is the remainder when 16 is divided by m(-1)?
7
Let f be 4/10*(-2 + 12). What is the remainder when f*-38*(-3)/12 is divided by 13?
12
Suppose 5*p + o = 150, -165 = -3*p - 2*p - 4*o. What is the remainder when p is divided by 10?
9
Let z = -54 + 78. Calculate the remainder when 5 is divided by 16/(-6)*z/(-16).
1
Suppose 0 = 5*j - 302 - 103. Suppose -23*q + 20*q + 63 = 0. Calculate the remainder when j is divided by q.
18
Let f be 187/33 - (-4)/(-6). Suppose -f*k + 16 = -k. Let i = 13 - 8. What is the remainder when i is divided by k?
1
Let s be 70/8*(3 + 1). Suppose 5*v - s = 5*d, 2*v + 2*d + 6 = -0*d. Calculate the remainder when v is divided by 1.
0
Let v be ((-1)/(-3))/((-2)/(-18)). Suppose v*l = l + 18. Calculate the remainder when -1*(52 + -4)/(-3) is divided by l.
7
Let q be (-169)/(-4) - (-5)/(-20). Suppose -3 = -2*y + 1, -3*i + 3*y + q = 0. Calculate the remainder when i is divided by 9.
7
Let g(l) = -l**2 - 9*l - 1. Suppose -3*v - v = 32. What is the remainder when (-6)/(-15) - 196/(-10) is divided by g(v)?
6
Let t(x) = x**2 - x - 4. Let j = 4 + -1. Calculate the remainder when 7 is divided by t(j).
1
Suppose -4*i + 2*c - 296 = -9*i, -c = -2*i + 122. Suppose -d = 6 - i. Suppose h = -5*k + d + 66, k - 18 = h. What is the remainder when k is divided by 12?
11
Let m be 3 - 3/((-3)/1). Suppose m*q = 38 - 10. Calculate the remainder when 20 is divided by q.
6
Suppose 455 = 7*z + 6*z. Suppose -q + 2 = -2. Let d = 16 - q. What is the remainder when z is divided by d?
11
Suppose 0 = -4*t - 5*q + 17, 3*q - 10 - 8 = -5*t. Suppose 2 = t*r - 19. What is the remainder when 12 is divided by r?
5
Suppose 5*p - 72 = 4*j, -p = 2*p + 3*j - 27. Calculate the remainder when 30 is divided by p.
6
Let d = -31 + 53. Let z be (2 - 1 - -2) + -3. Suppose 2 + 2 = -s + 3*p, -s + 4*p - 8 = z. What is the remainder when d is divided by s?
6
Suppose 0 = -10*t + 6*t + 104. Let a = -8 + t. Suppose -q + 4*q = -n + a, -8 = -2*q - 2*n. What is the remainder when 12 is divided by q?
5
Suppose 11 = -30*c + 31*c. What is the remainder when 64 is divided by c?
9
Suppose 0 = 2*j - 3*w + 11, 0*j + 2*j - w = -1. Let l(o) = 24*o + j*o - 2 + 0. What is the remainder when l(2) is divided by 13?
11
Let d = -5 - -9. Let i = 6 + -2. What is the remainder when d is divided by -2*3*(-2)/i?
1
Let p(n) = 2*n**2 + 3*n + 5. Let c(f) = -11*f - 1. Let l(g) = 10*g + 2. Let t(d) = 3*c(d) + 2*l(d). What is the remainder when p(-5) is divided by t(-1)?
12
What is the remainder when -2*(43/(-2) + 2) is divided by 7 - (0/(-3) - 3)?
9
Calculate the remainder when 23 is divided by (-1 + 3 - 0) + (-2 - -5).
3
Suppose f - 59 = -3*t, -f + 71 = 3*t - 3*f. Suppose -3*q + 8 = -q. What is the remainder when 6/q*244/6 is divided by t?
19
Suppose 2*v + 3*d = 120, -132 = -3*v + d + 48. Let b = -497 + 513. What is the remainder when v is divided by b?
12
Let n(c) = -4*c**3 + c**2 - c. Let u be n(1). Suppose 343 = -b + 46. What is the remainder when (-1)/u - b/12 is divided by 9?
7
Suppose -10 = -f - 2*k - 3*k, -2*f + k = -9. Suppose f*d - 2*n = 75, -32 = -2*d - n + 7. Calculate the remainder when d is divided by 5.
2
Suppose -j + 6 = -0*j. Calculate the remainder when 23 is divided by j.
5
Suppose -2*j + 150 = 5*i - 144, -4*j - 72 = -i. Calculate the remainder when i is divided by 21.
18
Let d = -51 + 138. Suppose 5*m - 2*m = d. What is the remainder when m is divided by 15?
14
Suppose 58 + 7 = 5*i. Let f(j) = -j**2 + j - 7. Let b be f(0). Let g(w) = w + 12. Calculate the remainder when i is divided by g(b).
3
Suppose 4 = 3*n - 5. Let c be ((-10)/(-6))/(2/(-6)). Let y = c + 12. What is the remainder when y is divided by n?
1
Suppose 10 = -5*q, m = -2*q + q - 1. Suppose 2*s = -4, 0 = -3*r + 6*s - 5*s + 101. Let a = m + r. What is the remainder when a is divided by 18?
16
Suppose -121 = 5*v - 16. Let b = v + 15. What is the remainder when (-368)/12*b/4 is divided by 16?
14
Let t be (-82)/(-2) - (4 + -7). Calculate the remainder when 30 is divided by (-119)/(-11) - (-8)/t.
8
Let d(l) = l**3 + 8*l**2 + 4*l + 6. What is the remainder when d(-6) is divided by 19?
16
Let d = -46 - -115. What is the remainder when d is divided by 14?
13
Let u(z) = z**2 - z - 5. Calculate the remainder when 40 is divided by u(-4).
10
Suppose 0 = -5*t, 0 = z - 6*t + t + 17. Let c = -7 - z. What is the remainder when 29 is divided by c?
9
Let d be ((-56)/(-10))/(14/35). Suppose -5*m = 2*h - d, -2*m + 3*h - 4 = -2. Calculate the remainder when 6 is divided by m.
0
Let t = -5 + 64. Calculate the remainder when t is divided by 16.
11
Suppose -5*h + 3*r - 33 = -219, -r - 38 = -h. Calculate the remainder when h is divided by 19.
17
Let n(r) = 15*r**2 + 1. Calculate the remainder when 60 is divided by n(-1).
12
Let z(w) = -8*w**2 + 2*w + 2. Let q be z(-2). Let b = -20 - q. Calculate the remainder when 40 is divided by b.
12
Suppose -2*v = 3*f - 22, 9*v - 5*f = 4*v + 80. Suppose -3*r + x = 0, -r + 2*x + 6 = 1. Let q(p) = -8*p. What is the remainder when v is divided by q(r)?
6
Let t(n) = 0*n - 2*n - 2 + 0*n + 0 + n**2. Let r be t(3). Suppose 6 = h + r. What is the remainder when h is divided by 3?
2
Calculate the remainder whe